{"id":1152,"date":"2024-12-18T16:24:27","date_gmt":"2024-12-18T16:24:27","guid":{"rendered":"https:\/\/triratna.dk\/?page_id=1152"},"modified":"2025-10-12T08:52:23","modified_gmt":"2025-10-12T08:52:23","slug":"lydfiler","status":"publish","type":"page","link":"https:\/\/triratna.dk\/?page_id=1152","title":{"rendered":"Lydfiler"},"content":{"rendered":"\n<p>Her p\u00e5 siden finde du enkelte lydfiler til brug for vores faste sangha.<\/p>\n\n\n\n<h5 class=\"wp-block-heading\">Julegave &#8211; en metta meditation optaget til vores onsdagsundervisning i efter\u00e5ret &#8211; god forn\u00f8jelse!<\/h5>\n\n\n\n<figure class=\"wp-block-audio\"><audio controls src=\"https:\/\/triratna.dk\/wp-content\/uploads\/2024\/12\/Jule-Metta-bhavana-2024.m4a\"><\/audio><\/figure>\n\n\n\n<p><br>Du kan finde flere Triratna lydfiler p\u00e5 dansk (og en masse p\u00e5 andre sprog) p\u00e5 vores f\u00e6lles hjemmeside <a href=\"https:\/\/www.freebuddhistaudio.com\/browse?p=Danmark\" data-type=\"link\" data-id=\"https:\/\/www.freebuddhistaudio.com\/browse?p=Danmark\">Free Buddhist Audio<\/a><\/p>\n\n\n\n<figure class=\"wp-block-image size-large\"><img loading=\"lazy\" decoding=\"async\" width=\"1024\" height=\"768\" src=\"https:\/\/triratna.dk\/wp-content\/uploads\/2024\/12\/buddhapaabaenk-1024x768.jpeg\" alt=\"\" class=\"wp-image-1153\" srcset=\"https:\/\/triratna.dk\/wp-content\/uploads\/2024\/12\/buddhapaabaenk-1024x768.jpeg 1024w, https:\/\/triratna.dk\/wp-content\/uploads\/2024\/12\/buddhapaabaenk-300x225.jpeg 300w, https:\/\/triratna.dk\/wp-content\/uploads\/2024\/12\/buddhapaabaenk-768x576.jpeg 768w, https:\/\/triratna.dk\/wp-content\/uploads\/2024\/12\/buddhapaabaenk-1536x1152.jpeg 1536w, https:\/\/triratna.dk\/wp-content\/uploads\/2024\/12\/buddhapaabaenk-2048x1536.jpeg 2048w, https:\/\/triratna.dk\/wp-content\/uploads\/2024\/12\/buddhapaabaenk-400x300.jpeg 400w\" sizes=\"auto, (max-width: 1024px) 100vw, 1024px\" \/><\/figure>\n","protected":false},"excerpt":{"rendered":"<p>Her p\u00e5 siden finde du enkelte lydfiler til brug for vores faste sangha. Julegave &#8211; en metta meditation optaget til vores onsdagsundervisning i efter\u00e5ret &#8211; &hellip;<\/p>\n","protected":false},"author":1,"featured_media":0,"parent":518,"menu_order":0,"comment_status":"closed","ping_status":"closed","template":"","meta":{"footnotes":""},"class_list":["post-1152","page","type-page","status-publish","hentry"],"_links":{"self":[{"href":"https:\/\/triratna.dk\/index.php?rest_route=\/wp\/v2\/pages\/1152","targetHints":{"allow":["GET"]}}],"collection":[{"href":"https:\/\/triratna.dk\/index.php?rest_route=\/wp\/v2\/pages"}],"about":[{"href":"https:\/\/triratna.dk\/index.php?rest_route=\/wp\/v2\/types\/page"}],"author":[{"embeddable":true,"href":"https:\/\/triratna.dk\/index.php?rest_route=\/wp\/v2\/users\/1"}],"replies":[{"embeddable":true,"href":"https:\/\/triratna.dk\/index.php?rest_route=%2Fwp%2Fv2%2Fcomments&post=1152"}],"version-history":[{"count":2,"href":"https:\/\/triratna.dk\/index.php?rest_route=\/wp\/v2\/pages\/1152\/revisions"}],"predecessor-version":[{"id":1164,"href":"https:\/\/triratna.dk\/index.php?rest_route=\/wp\/v2\/pages\/1152\/revisions\/1164"}],"up":[{"embeddable":true,"href":"https:\/\/triratna.dk\/index.php?rest_route=\/wp\/v2\/pages\/518"}],"wp:attachment":[{"href":"https:\/\/triratna.dk\/index.php?rest_route=%2Fwp%2Fv2%2Fmedia&parent=1152"}],"curies":[{"name":"wp","href":"https:\/\/api.w.org\/{rel}","templated":true}]}}